= 9 - 3. Let j(g) = -g**3 + 10*g**2 - 9*g + 2. What are the prime factors of j(p)?
2, 23
Suppose -3*m = -0*m + 2*g - 75, 14 = m - 3*g. Let r = -20 + m. What are the prime factors of r?
3
Let u(o) = -7*o**2 - 80*o + 8. List the prime factors of u(-7).
3, 5
Let o be (3 + 1)*(-25)/(-20). Suppose -4*u = -3 - 5, -o = 3*l + 2*u. What are the prime factors of l/(-1)*(-6)/(-9)?
2
Let z be 167/11 + 2/(-11). Let j be (-64)/(-3) - (-10)/z. Let w = j - 18. List the prime factors of w.
2
Let b(y) = -31*y - 2. Let k be b(-1). Suppose f - k + 114 = 2*r, -3*f = 4*r - 165. What are the prime factors of r?
2, 3, 7
Let y be 2/14 - (-3)/(-21). Let b(o) = -2*o + 12. Let r be b(-9). Suppose y = a - 6*a + r. List the prime factors of a.
2, 3
What are the prime factors of ((0 - -1) + (-426)/18)*-36?
2, 3, 17
Suppose -551 - 621 = -h. What are the prime factors of h?
2, 293
Suppose -2*m + 2518 = p, -m + 0*p = -4*p - 1250. What are the prime factors of m?
2, 17, 37
Let p(m) = m**3 - 18*m**2 + 35*m - 27. Let t be p(16). Let s(n) = -n**2 + 25*n - 30. What are the prime factors of s(t)?
2, 3
Suppose 10*m + 710 = 15*m. List the prime factors of m.
2, 71
List the prime factors of 4/(-10) + 682962/230.
2969
Let s(x) = -373*x - 19. Let i(h) = 187*h + 9. Let k(o) = 13*i(o) + 6*s(o). What are the prime factors of k(1)?
2, 7
Suppose 1 + 15 = 4*m + 4*o, -2*m + 11 = 3*o. Let r(n) = 10*n**3 - 3*n**2 - n + 3. List the prime factors of r(m).
3
Let q = -127 + 131. What are the prime factors of q?
2
Suppose 0 = 15*i - 2717 - 6208. List the prime factors of i.
5, 7, 17
Let o(u) = 5*u - 6*u + 9 - 2. Let r(i) = -i. Let v(m) = o(m) + 3*r(m). What are the prime factors of v(-3)?
19
Suppose -4*b + 513 - 141 = 0. List the prime factors of b.
3, 31
Let t(m) = -5*m + 41. Let q be -6 + -2 + 4/(-1). What are the prime factors of t(q)?
101
Let t = 81 - 81. Suppose -q + 3 = t, -3*q + 54 = y - 13. What are the prime factors of y?
2, 29
Let z be 2/4 + 3 + 1/2. Suppose -z*h = 5*f - 6*h - 327, 4*h + 319 = 5*f. What are the prime factors of f?
67
Suppose s + 0 = 2, -4*s = 4*v - 52. Suppose -3*f = -1 - v. Suppose -q - 108 = -4*h + f*q, 0 = 5*h - q - 135. What are the prime factors of h?
3
Suppose -4*f - 1030 = -w, 3*f - 197 = -203. What are the prime factors of w?
2, 7, 73
What are the prime factors of 2*1816*((-20)/(-8) - 2)?
2, 227
Suppose 29*v - 24*v - 15 = 0. Suppose v = -2*m + 55. Let d = 18 + m. List the prime factors of d.
2, 11
Let k(y) = -y**3 - 5*y**2 - y - 2. Let b be k(-4). Let q = -12 - b. Suppose a - 21 = -q. List the prime factors of a.
19
Suppose 4*i = -12, 2751 = 3*s + 9*i - 8*i. List the prime factors of s.
2, 3, 17
Suppose -j - 1427 = -o, -3*j + 8531 = 4*o + 2851. List the prime factors of o.
1423
Let l(j) = j**2 - 15*j + 4. Let p be l(11). Let k be 9/15 + 24/p. Suppose -3*z + 8*z - 145 = k. List the prime factors of z.
29
Suppose 0 = 2*u + 4*x - 12, 3*u + 2*x = 10 + 12. Suppose -u*f = -3*f - 1400. What are the prime factors of f?
2, 5, 7
Suppose 2*x = 4*v - 10, -2*x - 8 = x + v. Let l = x + 3. Suppose 1 - 127 = -2*r - 5*p, l = -5*p + 20. What are the prime factors of r?
53
Let h be 3/9*(14 + -5). Suppose -h*o - 4*n = 22, 26 = -6*o + o - 4*n. List the prime factors of 1 + o + -2 + 46.
43
Let a = -452 - -476. List the prime factors of a.
2, 3
Suppose -296*l = -288*l - 328. List the prime factors of l.
41
Suppose 8*m - 24622 = -5*m. What are the prime factors of m?
2, 947
Let t = -41 + 67. Suppose -3 + t = -j. List the prime factors of (-12)/(-8)*-2 - j.
2, 5
Suppose 2*m - 5070 = -3*n - 0*m, -5*m - 15 = 0. What are the prime factors of n?
2, 3, 47
Suppose 3*s = -6, 3*i = -5*s + s + 1081. List the prime factors of i.
3, 11
Let k(z) = 3*z - 16. Let v be k(7). Suppose -332 = -3*l + 2*s, 3*s + 565 = v*l + 2*s. Suppose l + 270 = 8*p. What are the prime factors of p?
2, 3
Let f(m) = 3*m**3 - 9*m**2 + 16*m + 30. List the prime factors of f(11).
2, 5, 311
Let u = 793 - 643. List the prime factors of u.
2, 3, 5
Suppose -66*l + 209045 = -63601. What are the prime factors of l?
3, 17
Let g(k) = 395*k - 15. List the prime factors of g(4).
5, 313
Let m = 6 + -15. Let s(i) = i**2 - 10*i**2 + 13 + i**3 + 13*i**2 - 9*i + 4*i**2. List the prime factors of s(m).
13
Let z = -43 + 77. Suppose 5*f - 56 = -3*o, -5*o + 10 + z = -4*f. List the prime factors of o.
2, 3
Let t = 1076 + -180. What are the prime factors of t?
2, 7
Suppose 3*o + 5 = 8*o. Let q = o - -121. Suppose -5*a = 3*z - q, 0 = -4*z - 4*a + 3*a + 140. What are the prime factors of z?
2, 17
Suppose 0 = l + 7 - 2. What are the prime factors of (260/(-8))/l*2?
13
Suppose k + 128 - 436 = -f, -k = 5. Let j = -183 + f. Suppose -j = -5*y - 30. List the prime factors of y.
2, 5
Suppose -19*p + 1512 = 5*p. List the prime factors of p.
3, 7
Suppose -4*m - m = -u + 15, -m - 41 = -4*u. Suppose s - 3*z - u = 0, z + 0*z = 4. List the prime factors of s.
2, 11
Suppose -3 = j + 3*j + 3*c, -j = -2*c - 13. Suppose j*w - 383 = -5*t, 4*t - 211 = 4*w + 121. What are the prime factors of t?
79
Let x = -533 + 1207. What are the prime factors of x?
2, 337
Suppose -13590 = -55*w + 40*w. List the prime factors of w.
2, 3, 151
What are the prime factors of (5 + 27/(-6))*2 + 608?
3, 7, 29
Let s be 1 - (1 - (-1 + 3)). Suppose -2*a + s = b, 2*a = -8 + 2. What are the prime factors of b?
2
Suppose -6128 = -6*s + 2*d + 4860, d + 3664 = 2*s. List the prime factors of s.
2, 3, 5, 61
Let r(j) = -j**3 + 8*j**2 - j - 14. Suppose 0 = d + 6*d - 42. What are the prime factors of r(d)?
2, 13
Let q(x) be the first derivative of x**4/4 - 2*x**3 + 7*x**2/2 - 4*x + 9. Let d be q(5). Let w(c) = c**3 - 6*c**2 + c + 13. List the prime factors of w(d).
19
Suppose 1321 = 12*h - 8687. What are the prime factors of h?
2, 3, 139
Let y be -6*20/(-15) + -5. Suppose 854 = 4*k - y*l, 2*k + 2*l - 432 = l. What are the prime factors of k?
5, 43
Let s(v) = -v**3 - 8*v**2 - 10*v + 49. What are the prime factors of s(-9)?
2, 5, 11
Let l(f) = -f. Let b(w) = 6*w + 3. Let x(n) = b(n) + 4*l(n). Let c be x(-6). List the prime factors of (3/c)/(1/(-36)).
2, 3
Let c(b) be the second derivative of b**4/12 + b**2/2 - 29*b. Let y(x) = x**3 - 1. Let l be y(-1). What are the prime factors of c(l)?
5
Let i = 67 + 25. Suppose -f - 3*w + i = 0, -2*f = -w + 3*w - 200. List the prime factors of f.
2, 13
Let j(a) = -2*a**3 + 63*a**2 + 10*a - 14. List the prime factors of j(31).
3, 419
Let l = 504 - 393. List the prime factors of l.
3, 37
Let b be 10/(-3)*3/(-6 - -5). Let h(w) = -w**3 + 10*w**2 + w - 1. What are the prime factors of h(b)?
3
Suppose -10*a - 8 = -14*a. Suppose 5*f = -5, 0*f - f - 133 = -a*g. List the prime factors of g.
2, 3, 11
Suppose 3920 = 1117*w - 1113*w. List the prime factors of w.
2, 5, 7
Let t = 551 - -86. List the prime factors of t.
7, 13
Let w be (-3 - 52/(-20))*20. Let k(s) be the second derivative of -s**5/20 - 7*s**4/12 + 3*s**2/2 - s. List the prime factors of k(w).
67
Let c(l) = 28*l - 6. Let w = -105 + 110. List the prime factors of c(w).
2, 67
Let z = -10 - -13. Suppose 0*b - z*b = -18. What are the prime factors of b?
2, 3
Let s(u) be the first derivative of u**3 + 5*u**2/2 + 4*u + 3. What are the prime factors of s(-3)?
2
Let y(d) = -d**2 + 10*d + 419. What are the prime factors of y(0)?
419
Let u(j) = 2*j**2 - 23*j + 15. Let s be u(11). Suppose k - 3*o = 15 + 23, -s*o + 104 = 4*k. What are the prime factors of k?
29
Suppose -3*d + 22 = 5*b - 0, -10 = -5*d + 5*b. Suppose -3*w = -d*l + 232, -l - 2*w = 2*w - 58. What are the prime factors of l?
2, 29
Suppose 5*i + 5*g + 105 = 0, 2*g + 102 = -5*i - 2*g. Let u be 45/i*4/(-5). Suppose 0 = -u*w + 6*w - p - 257, 0 = -p - 1. What are the prime factors of w?
2
Let a(m) = -2*m**3 - 23*m**2 + 12*m. Let y be a(-12). List the prime factors of 28/((-4)/((-3 - -1) + y)).
2, 7
Let w(m) = -m**2 + m + 2. Let v be w(3). What are the prime factors of (v/(-8))/(2/12)?
3
Suppose 3*b + 2*b = 5*j + 10, 2*b - 8 = 0. Let h be (-7 - j)*(-8)/6. Suppose l - 5 = h. What are the prime factors of l?
17
Let c be (-98)/10 - 3/15. List the prime factors of 15/c*(-168)/9.
2, 7
Let n = -12 - -9. Let s = n - -10. List the prime factors of (-8)/(-12) - s/(-3).
3
Let n be 3 - (107 - -1 - (-6 - -9)). Let y = n + 127. List the prime factors of y.
5
Let k = 195 - 26. What are t